{"id":1702,"date":"2021-05-29T23:10:24","date_gmt":"2021-05-29T23:10:24","guid":{"rendered":"https:\/\/diazloayza.cl\/?page_id=1702"},"modified":"2021-06-08T00:14:26","modified_gmt":"2021-06-08T00:14:26","slug":"agendarhora","status":"publish","type":"page","link":"https:\/\/diazloayza.cl\/index.php\/agendarhora\/","title":{"rendered":"Agendar Hora"},"content":{"rendered":"\t\t<div data-elementor-type=\"wp-page\" data-elementor-id=\"1702\" class=\"elementor elementor-1702\">\n\t\t\t\t\t\t<section class=\"elementor-section elementor-top-section elementor-element elementor-element-de1d979 elementor-section-full_width elementor-section-height-full elementor-section-stretched elementor-section-height-default elementor-section-items-middle elementor-invisible\" data-id=\"de1d979\" data-element_type=\"section\" data-settings=\"{&quot;background_background&quot;:&quot;classic&quot;,&quot;animation&quot;:&quot;fadeIn&quot;,&quot;stretch_section&quot;:&quot;section-stretched&quot;}\">\n\t\t\t\t\t\t\t<div class=\"elementor-background-overlay\"><\/div>\n\t\t\t\t\t\t\t<div class=\"elementor-container elementor-column-gap-default\">\n\t\t\t\t\t<div class=\"elementor-column elementor-col-100 elementor-top-column elementor-element elementor-element-6cb52923\" data-id=\"6cb52923\" data-element_type=\"column\">\n\t\t\t<div class=\"elementor-widget-wrap elementor-element-populated\">\n\t\t\t\t\t\t<section class=\"elementor-section elementor-inner-section elementor-element elementor-element-2eed61e4 elementor-section-boxed elementor-section-height-default elementor-section-height-default\" data-id=\"2eed61e4\" data-element_type=\"section\">\n\t\t\t\t\t\t<div class=\"elementor-container elementor-column-gap-default\">\n\t\t\t\t\t<div class=\"elementor-column elementor-col-33 elementor-inner-column elementor-element elementor-element-7fed20cd\" data-id=\"7fed20cd\" data-element_type=\"column\">\n\t\t\t<div class=\"elementor-widget-wrap\">\n\t\t\t\t\t\t\t<\/div>\n\t\t<\/div>\n\t\t\t\t<div class=\"elementor-column elementor-col-33 elementor-inner-column elementor-element elementor-element-a91db1c\" data-id=\"a91db1c\" data-element_type=\"column\">\n\t\t\t<div class=\"elementor-widget-wrap\">\n\t\t\t\t\t\t\t<\/div>\n\t\t<\/div>\n\t\t\t\t<div class=\"elementor-column elementor-col-33 elementor-inner-column elementor-element elementor-element-337c6659\" data-id=\"337c6659\" data-element_type=\"column\">\n\t\t\t<div class=\"elementor-widget-wrap elementor-element-populated\">\n\t\t\t\t\t\t<div class=\"elementor-element elementor-element-33e588cc elementor-widget elementor-widget-button\" data-id=\"33e588cc\" data-element_type=\"widget\" data-widget_type=\"button.default\">\n\t\t\t\t<div class=\"elementor-widget-container\">\n\t\t\t\t\t\t\t\t\t<div class=\"elementor-button-wrapper\">\n\t\t\t\t\t<a class=\"elementor-button elementor-button-link elementor-size-sm\" href=\"https:\/\/diazloayza.cl\/index.php\/agendarhora\/\">\n\t\t\t\t\t\t<span class=\"elementor-button-content-wrapper\">\n\t\t\t\t\t\t\t\t\t<span class=\"elementor-button-text\">agenda una hora<\/span>\n\t\t\t\t\t<\/span>\n\t\t\t\t\t<\/a>\n\t\t\t\t<\/div>\n\t\t\t\t\t\t\t\t<\/div>\n\t\t\t\t<\/div>\n\t\t\t\t\t<\/div>\n\t\t<\/div>\n\t\t\t\t\t<\/div>\n\t\t<\/section>\n\t\t\t\t<div class=\"elementor-element elementor-element-517c3aba elementor-widget__width-inherit elementor-widget elementor-widget-heading\" data-id=\"517c3aba\" data-element_type=\"widget\" data-widget_type=\"heading.default\">\n\t\t\t\t<div class=\"elementor-widget-container\">\n\t\t\t\t\t<h2 class=\"elementor-heading-title elementor-size-default\">Agenda con nosotros<\/h2>\t\t\t\t<\/div>\n\t\t\t\t<\/div>\n\t\t\t\t<div class=\"elementor-element elementor-element-421e5522 elementor-align-center elementor-widget elementor-widget-button\" data-id=\"421e5522\" data-element_type=\"widget\" data-widget_type=\"button.default\">\n\t\t\t\t<div class=\"elementor-widget-container\">\n\t\t\t\t\t\t\t\t\t<div class=\"elementor-button-wrapper\">\n\t\t\t\t\t<a class=\"elementor-button elementor-button-link elementor-size-sm\" href=\"https:\/\/diazloayza.cl\/index.php\/agendarhora\/#an\">\n\t\t\t\t\t\t<span class=\"elementor-button-content-wrapper\">\n\t\t\t\t\t\t\t\t\t<span class=\"elementor-button-text\">agendar<\/span>\n\t\t\t\t\t<\/span>\n\t\t\t\t\t<\/a>\n\t\t\t\t<\/div>\n\t\t\t\t\t\t\t\t<\/div>\n\t\t\t\t<\/div>\n\t\t\t\t\t<\/div>\n\t\t<\/div>\n\t\t\t\t\t<\/div>\n\t\t<\/section>\n\t\t\t\t<section class=\"elementor-section elementor-top-section elementor-element elementor-element-fe281a1 elementor-section-boxed elementor-section-height-default elementor-section-height-default\" data-id=\"fe281a1\" data-element_type=\"section\">\n\t\t\t\t\t\t<div class=\"elementor-container elementor-column-gap-default\">\n\t\t\t\t\t<div class=\"elementor-column elementor-col-100 elementor-top-column elementor-element elementor-element-96bd8b1\" data-id=\"96bd8b1\" data-element_type=\"column\">\n\t\t\t<div class=\"elementor-widget-wrap elementor-element-populated\">\n\t\t\t\t\t\t<div class=\"elementor-element elementor-element-5a83846 elementor-widget elementor-widget-menu-anchor\" data-id=\"5a83846\" data-element_type=\"widget\" data-widget_type=\"menu-anchor.default\">\n\t\t\t\t<div class=\"elementor-widget-container\">\n\t\t\t\t\t\t\t<div class=\"elementor-menu-anchor\" id=\"an\"><\/div>\n\t\t\t\t\t\t<\/div>\n\t\t\t\t<\/div>\n\t\t\t\t\t<\/div>\n\t\t<\/div>\n\t\t\t\t\t<\/div>\n\t\t<\/section>\n\t\t\t\t<section class=\"elementor-section elementor-top-section elementor-element elementor-element-f5881ed elementor-section-boxed elementor-section-height-default elementor-section-height-default\" data-id=\"f5881ed\" data-element_type=\"section\">\n\t\t\t\t\t\t<div class=\"elementor-container elementor-column-gap-default\">\n\t\t\t\t\t<div class=\"elementor-column elementor-col-100 elementor-top-column elementor-element elementor-element-a759f20\" data-id=\"a759f20\" data-element_type=\"column\">\n\t\t\t<div class=\"elementor-widget-wrap\">\n\t\t\t\t\t\t\t<\/div>\n\t\t<\/div>\n\t\t\t\t\t<\/div>\n\t\t<\/section>\n\t\t\t\t<\/div>\n\t\t","protected":false},"excerpt":{"rendered":"","protected":false},"author":1,"featured_media":0,"parent":0,"menu_order":0,"comment_status":"closed","ping_status":"closed","template":"elementor_canvas","meta":{"site-sidebar-layout":"no-sidebar","site-content-layout":"page-builder","ast-site-content-layout":"","site-content-style":"default","site-sidebar-style":"default","ast-global-header-display":"","ast-banner-title-visibility":"","ast-main-header-display":"","ast-hfb-above-header-display":"","ast-hfb-below-header-display":"","ast-hfb-mobile-header-display":"","site-post-title":"disabled","ast-breadcrumbs-content":"","ast-featured-img":"disabled","footer-sml-layout":"","theme-transparent-header-meta":"default","adv-header-id-meta":"","stick-header-meta":"","header-above-stick-meta":"","header-main-stick-meta":"","header-below-stick-meta":"","astra-migrate-meta-layouts":"default","ast-page-background-enabled":"default","ast-page-background-meta":{"desktop":{"background-color":"","background-image":"","background-repeat":"repeat","background-position":"center center","background-size":"auto","background-attachment":"scroll","background-type":"","background-media":"","overlay-type":"","overlay-color":"","overlay-opacity":"","overlay-gradient":""},"tablet":{"background-color":"","background-image":"","background-repeat":"repeat","background-position":"center center","background-size":"auto","background-attachment":"scroll","background-type":"","background-media":"","overlay-type":"","overlay-color":"","overlay-opacity":"","overlay-gradient":""},"mobile":{"background-color":"","background-image":"","background-repeat":"repeat","background-position":"center center","background-size":"auto","background-attachment":"scroll","background-type":"","background-media":"","overlay-type":"","overlay-color":"","overlay-opacity":"","overlay-gradient":""}},"ast-content-background-meta":{"desktop":{"background-color":"var(--ast-global-color-5)","background-image":"","background-repeat":"repeat","background-position":"center center","background-size":"auto","background-attachment":"scroll","background-type":"","background-media":"","overlay-type":"","overlay-color":"","overlay-opacity":"","overlay-gradient":""},"tablet":{"background-color":"var(--ast-global-color-5)","background-image":"","background-repeat":"repeat","background-position":"center center","background-size":"auto","background-attachment":"scroll","background-type":"","background-media":"","overlay-type":"","overlay-color":"","overlay-opacity":"","overlay-gradient":""},"mobile":{"background-color":"var(--ast-global-color-5)","background-image":"","background-repeat":"repeat","background-position":"center center","background-size":"auto","background-attachment":"scroll","background-type":"","background-media":"","overlay-type":"","overlay-color":"","overlay-opacity":"","overlay-gradient":""}},"footnotes":""},"class_list":["post-1702","page","type-page","status-publish","hentry"],"yoast_head":"<!-- This site is optimized with the Yoast SEO plugin v27.1.1 - https:\/\/yoast.com\/product\/yoast-seo-wordpress\/ -->\n<title>Agendar Hora - Diaz Loayza Abogado<\/title>\n<meta name=\"robots\" content=\"index, follow, max-snippet:-1, max-image-preview:large, max-video-preview:-1\" \/>\n<link rel=\"canonical\" href=\"https:\/\/diazloayza.cl\/index.php\/agendarhora\/\" \/>\n<meta property=\"og:locale\" content=\"es_ES\" \/>\n<meta property=\"og:type\" content=\"article\" \/>\n<meta property=\"og:title\" content=\"Agendar Hora - Diaz Loayza Abogado\" \/>\n<meta property=\"og:url\" content=\"https:\/\/diazloayza.cl\/index.php\/agendarhora\/\" \/>\n<meta property=\"og:site_name\" content=\"Diaz Loayza Abogado\" \/>\n<meta property=\"article:modified_time\" content=\"2021-06-08T00:14:26+00:00\" \/>\n<meta property=\"og:image\" content=\"http:\/\/diazloayza.cl\/wp-content\/uploads\/2021\/03\/Logo2021-abogado-768x295.png\" \/>\n<meta name=\"twitter:card\" content=\"summary_large_image\" \/>\n<script type=\"application\/ld+json\" class=\"yoast-schema-graph\">{\"@context\":\"https:\/\/schema.org\",\"@graph\":[{\"@type\":\"WebPage\",\"@id\":\"https:\/\/diazloayza.cl\/index.php\/agendarhora\/\",\"url\":\"https:\/\/diazloayza.cl\/index.php\/agendarhora\/\",\"name\":\"Agendar Hora - Diaz Loayza Abogado\",\"isPartOf\":{\"@id\":\"https:\/\/diazloayza.cl\/#website\"},\"primaryImageOfPage\":{\"@id\":\"https:\/\/diazloayza.cl\/index.php\/agendarhora\/#primaryimage\"},\"image\":{\"@id\":\"https:\/\/diazloayza.cl\/index.php\/agendarhora\/#primaryimage\"},\"thumbnailUrl\":\"http:\/\/diazloayza.cl\/wp-content\/uploads\/2021\/03\/Logo2021-abogado-768x295.png\",\"datePublished\":\"2021-05-29T23:10:24+00:00\",\"dateModified\":\"2021-06-08T00:14:26+00:00\",\"breadcrumb\":{\"@id\":\"https:\/\/diazloayza.cl\/index.php\/agendarhora\/#breadcrumb\"},\"inLanguage\":\"es\",\"potentialAction\":[{\"@type\":\"ReadAction\",\"target\":[\"https:\/\/diazloayza.cl\/index.php\/agendarhora\/\"]}]},{\"@type\":\"ImageObject\",\"inLanguage\":\"es\",\"@id\":\"https:\/\/diazloayza.cl\/index.php\/agendarhora\/#primaryimage\",\"url\":\"http:\/\/diazloayza.cl\/wp-content\/uploads\/2021\/03\/Logo2021-abogado-768x295.png\",\"contentUrl\":\"http:\/\/diazloayza.cl\/wp-content\/uploads\/2021\/03\/Logo2021-abogado-768x295.png\"},{\"@type\":\"BreadcrumbList\",\"@id\":\"https:\/\/diazloayza.cl\/index.php\/agendarhora\/#breadcrumb\",\"itemListElement\":[{\"@type\":\"ListItem\",\"position\":1,\"name\":\"Portada\",\"item\":\"https:\/\/diazloayza.cl\/\"},{\"@type\":\"ListItem\",\"position\":2,\"name\":\"Agendar Hora\"}]},{\"@type\":\"WebSite\",\"@id\":\"https:\/\/diazloayza.cl\/#website\",\"url\":\"https:\/\/diazloayza.cl\/\",\"name\":\"D\u00edaz Loayza Estudio Jur\u00eddico\",\"description\":\"Estudio Jur\u00eddico\",\"publisher\":{\"@id\":\"https:\/\/diazloayza.cl\/#organization\"},\"potentialAction\":[{\"@type\":\"SearchAction\",\"target\":{\"@type\":\"EntryPoint\",\"urlTemplate\":\"https:\/\/diazloayza.cl\/?s={search_term_string}\"},\"query-input\":{\"@type\":\"PropertyValueSpecification\",\"valueRequired\":true,\"valueName\":\"search_term_string\"}}],\"inLanguage\":\"es\"},{\"@type\":\"Organization\",\"@id\":\"https:\/\/diazloayza.cl\/#organization\",\"name\":\"Estudio Jur\u00eddico D\u00edaz Loayza\",\"url\":\"https:\/\/diazloayza.cl\/\",\"logo\":{\"@type\":\"ImageObject\",\"inLanguage\":\"es\",\"@id\":\"https:\/\/diazloayza.cl\/#\/schema\/logo\/image\/\",\"url\":\"http:\/\/diazloayza.cl\/wp-content\/uploads\/2021\/10\/Logo2021-abogado-1024x393-1.png\",\"contentUrl\":\"http:\/\/diazloayza.cl\/wp-content\/uploads\/2021\/10\/Logo2021-abogado-1024x393-1.png\",\"width\":1024,\"height\":393,\"caption\":\"Estudio Jur\u00eddico D\u00edaz Loayza\"},\"image\":{\"@id\":\"https:\/\/diazloayza.cl\/#\/schema\/logo\/image\/\"}}]}<\/script>\n<!-- \/ Yoast SEO plugin. -->","yoast_head_json":{"title":"Agendar Hora - Diaz Loayza Abogado","robots":{"index":"index","follow":"follow","max-snippet":"max-snippet:-1","max-image-preview":"max-image-preview:large","max-video-preview":"max-video-preview:-1"},"canonical":"https:\/\/diazloayza.cl\/index.php\/agendarhora\/","og_locale":"es_ES","og_type":"article","og_title":"Agendar Hora - Diaz Loayza Abogado","og_url":"https:\/\/diazloayza.cl\/index.php\/agendarhora\/","og_site_name":"Diaz Loayza Abogado","article_modified_time":"2021-06-08T00:14:26+00:00","og_image":[{"url":"http:\/\/diazloayza.cl\/wp-content\/uploads\/2021\/03\/Logo2021-abogado-768x295.png","type":"","width":"","height":""}],"twitter_card":"summary_large_image","schema":{"@context":"https:\/\/schema.org","@graph":[{"@type":"WebPage","@id":"https:\/\/diazloayza.cl\/index.php\/agendarhora\/","url":"https:\/\/diazloayza.cl\/index.php\/agendarhora\/","name":"Agendar Hora - Diaz Loayza Abogado","isPartOf":{"@id":"https:\/\/diazloayza.cl\/#website"},"primaryImageOfPage":{"@id":"https:\/\/diazloayza.cl\/index.php\/agendarhora\/#primaryimage"},"image":{"@id":"https:\/\/diazloayza.cl\/index.php\/agendarhora\/#primaryimage"},"thumbnailUrl":"http:\/\/diazloayza.cl\/wp-content\/uploads\/2021\/03\/Logo2021-abogado-768x295.png","datePublished":"2021-05-29T23:10:24+00:00","dateModified":"2021-06-08T00:14:26+00:00","breadcrumb":{"@id":"https:\/\/diazloayza.cl\/index.php\/agendarhora\/#breadcrumb"},"inLanguage":"es","potentialAction":[{"@type":"ReadAction","target":["https:\/\/diazloayza.cl\/index.php\/agendarhora\/"]}]},{"@type":"ImageObject","inLanguage":"es","@id":"https:\/\/diazloayza.cl\/index.php\/agendarhora\/#primaryimage","url":"http:\/\/diazloayza.cl\/wp-content\/uploads\/2021\/03\/Logo2021-abogado-768x295.png","contentUrl":"http:\/\/diazloayza.cl\/wp-content\/uploads\/2021\/03\/Logo2021-abogado-768x295.png"},{"@type":"BreadcrumbList","@id":"https:\/\/diazloayza.cl\/index.php\/agendarhora\/#breadcrumb","itemListElement":[{"@type":"ListItem","position":1,"name":"Portada","item":"https:\/\/diazloayza.cl\/"},{"@type":"ListItem","position":2,"name":"Agendar Hora"}]},{"@type":"WebSite","@id":"https:\/\/diazloayza.cl\/#website","url":"https:\/\/diazloayza.cl\/","name":"D\u00edaz Loayza Estudio Jur\u00eddico","description":"Estudio Jur\u00eddico","publisher":{"@id":"https:\/\/diazloayza.cl\/#organization"},"potentialAction":[{"@type":"SearchAction","target":{"@type":"EntryPoint","urlTemplate":"https:\/\/diazloayza.cl\/?s={search_term_string}"},"query-input":{"@type":"PropertyValueSpecification","valueRequired":true,"valueName":"search_term_string"}}],"inLanguage":"es"},{"@type":"Organization","@id":"https:\/\/diazloayza.cl\/#organization","name":"Estudio Jur\u00eddico D\u00edaz Loayza","url":"https:\/\/diazloayza.cl\/","logo":{"@type":"ImageObject","inLanguage":"es","@id":"https:\/\/diazloayza.cl\/#\/schema\/logo\/image\/","url":"http:\/\/diazloayza.cl\/wp-content\/uploads\/2021\/10\/Logo2021-abogado-1024x393-1.png","contentUrl":"http:\/\/diazloayza.cl\/wp-content\/uploads\/2021\/10\/Logo2021-abogado-1024x393-1.png","width":1024,"height":393,"caption":"Estudio Jur\u00eddico D\u00edaz Loayza"},"image":{"@id":"https:\/\/diazloayza.cl\/#\/schema\/logo\/image\/"}}]}},"_links":{"self":[{"href":"https:\/\/diazloayza.cl\/index.php\/wp-json\/wp\/v2\/pages\/1702","targetHints":{"allow":["GET"]}}],"collection":[{"href":"https:\/\/diazloayza.cl\/index.php\/wp-json\/wp\/v2\/pages"}],"about":[{"href":"https:\/\/diazloayza.cl\/index.php\/wp-json\/wp\/v2\/types\/page"}],"author":[{"embeddable":true,"href":"https:\/\/diazloayza.cl\/index.php\/wp-json\/wp\/v2\/users\/1"}],"replies":[{"embeddable":true,"href":"https:\/\/diazloayza.cl\/index.php\/wp-json\/wp\/v2\/comments?post=1702"}],"version-history":[{"count":0,"href":"https:\/\/diazloayza.cl\/index.php\/wp-json\/wp\/v2\/pages\/1702\/revisions"}],"wp:attachment":[{"href":"https:\/\/diazloayza.cl\/index.php\/wp-json\/wp\/v2\/media?parent=1702"}],"curies":[{"name":"wp","href":"https:\/\/api.w.org\/{rel}","templated":true}]}}